is -7a3 (base 11) in base 3?
-1022120
What is -b39 (base 14) in base 7?
-6302
Convert 3013233 (base 5) to base 8.
135507
Convert -442321 (base 5) to base 4.
-3233220
What is -a53a (base 12) in base 4?
-10121332
What is -dff (base 16) in base 4?
-313333
Convert -31166 (base 7) to base 16.
-1ddb
What is -3040 (base 12) in base 15?
-183c
What is 1151b (base 14) in base 10?
42165
Convert 230 (base 8) to base 4.
2120
-12102000 (base 3) to base 2
-111101100110
What is 1121a (base 14) in base 9?
63025
What is 534 (base 9) in base 6?
2004
What is -1556c (base 13) in base 10?
-40481
Convert -1c0 (base 15) to base 16.
-195
What is 4402 (base 7) in base 16?
622
7176 (base 11) to base 10
9521
What is 54c (base 15) in base 13?
711
Convert -41424 (base 6) to base 15.
-19aa
What is -160200 (base 7) in base 8?
-75117
What is -110211 (base 3) in base 13?
-208
What is -1501 (base 6) in base 2?
-110001101
What is 5631 (base 12) in base 14?
3697
Convert 207 (base 15) to base 14.
249
Convert -13443 (base 5) to base 6.
-5111
Convert 20100 (base 5) to base 12.
8a3
What is -97a9 (base 12) in base 6?
-205133
-100101111111011 (base 2) to base 8
-45773
What is 2322 (base 4) in base 14?
d4
Convert 3299 (base 11) to base 6.
32035
212 (base 4) to base 3
1102
What is -30 (base 14) in base 10?
-42
Convert -10910 (base 12) to base 4.
-11120130
Convert -2572 (base 8) to base 9.
-1827
-6477 (base 11) to base 3
-102201211
Convert -2967 (base 13) to base 3.
-22020020
Convert -1141111 (base 5) to base 12.
-1047a
6415 (base 9) to base 4
1021220
What is 2237 (base 9) in base 3?
2021021
Convert 637 (base 12) to base 7.
2434
Convert ba (base 13) to base 5.
1103
Convert -1373 (base 8) to base 16.
-2fb
2035 (base 7) to base 15
327
What is 100100010111 (base 2) in base 10?
2327
What is -132206 (base 7) in base 10?
-24800
1011001110100101 (base 2) to base 11
31609
What is -1a23 (base 14) in base 13?
-2203
Convert -1392 (base 12) to base 14.
-b82
Convert -552221 (base 6) to base 9.
-68834
What is 14414 (base 5) in base 3?
1200201
-3122222 (base 4) to base 7
-55541
Convert 135662 (base 7) to base 15.
7ac8
Convert -10293 (base 11) to base 14.
-5665
-23657 (base 8) to base 5
-311114
Convert 4014 (base 6) to base 11.
725
Convert 120010111 (base 3) to base 13.
5035
-1000100 (base 2) to base 9
-75
What is 3605 (base 8) in base 6?
12525
1117 (base 10) to base 16
45d
-1b3c (base 15) to base 9
-8083
Convert 6e0 (base 16) to base 12.
1028
What is -34845 (base 9) in base 15?
-6d78
What is 4 (base 14) in base 8?
4
Convert -187 (base 9) to base 13.
-c4
-2691 (base 11) to base 6
-24052
442003 (base 5) to base 9
22827
What is 784 (base 16) in base 10?
1924
30ef (base 16) to base 4
3003233
Convert 101122202 (base 3) to base 16.
1e59
-116 (base 15) to base 11
-204
What is 27c (base 16) in base 2?
1001111100
-42456 (base 7) to base 9
-15386
-21312 (base 4) to base 15
-2c0
What is 344 (base 11) in base 4?
12123
Convert 3042 (base 15) to base 16.
27cb
-aa (base 11) to base 15
-80
Convert 11110100 (base 4) to base 12.
10728
Convert -3321223 (base 4) to base 13.
-7372
Convert 12425 (base 9) to base 16.
20ae
Convert -15426 (base 9) to base 16.
-293a
What is 386 (base 11) in base 12?
321
What is -152153 (base 7) in base 9?
-44522
-34816 (base 10) to base 9
-52674
What is -1000001100100 (base 2) in base 3?
-12202102
Convert 1c3 (base 15) to base 16.
198
What is -5e4 (base 15) in base 9?
-1747
-202032 (base 4) to base 8
-4216
What is -10025 (base 6) in base 3?
-1210122
What is -dd7 (base 15) in base 5?
-100002
Convert -313155 (base 6) to base 7.
-133613
Convert 12 (base 16) to base 15.
13
What is 251313 (base 6) in base 7?
122130
What is -684 (base 10) in base 2?
-1010101100
What is 3313 (base 4) in base 3?
100011
Convert 19e (base 15) to base 12.
272
-160 (base 9) to base 4
-2013
What is 53234 (base 6) in base 2?
1110000110110
Convert 3064 (base 11) to base 16.
fdf
What is 29d (base 14) in base 6?
2243
14230 (base 6) to base 4
203022
What is 46418 (base 11) in base 12?
32979
What is -1678 (base 10) in base 14?
-87c
-1141 (base 10) to base 12
-7b1
-11021122 (base 3) to base 12
-1982
Convert -4a (base 15) to base 7.
-130
Convert -7cc (base 15) to base 6.
-12103
What is 683 (base 10) in base 13?
407
Convert -1616 (base 11) to base 2.
-100000011010
What is -204 (base 13) in base 10?
-342
What is -2084 (base 16) in base 8?
-20204
178 (base 16) to base 3
111221
Convert 300413 (base 6) to base 12.
11709
Convert -239 (base 11) to base 7.
-554
-11b (base 14) to base 13
-140
Convert 5b5a (base 13) to base 10.
12919
What is -3664 (base 7) in base 13?
-814
Convert a219 (base 14) to base 4.
12303033
Convert 18414 (base 11) to base 3.
1022101010
Convert 257 (base 15) to base 5.
4112
-1132 (base 15) to base 13
-1877
31036 (base 7) to base 9
11344
Convert -10549 (base 12) to base 14.
-7ba9
What is -4677 (base 9) in base 16?
-d90
Convert 8970 (base 10) to base 15.
29d0
What is 120023 (base 5) in base 8?
10444
Convert -216 (base 12) to base 13.
-1a7
Convert -11015 (base 6) to base 3.
-2002102
402 (base 10) to base 6
1510
Convert -1201200 (base 3) to base 12.
-890
Convert -401 (base 14) to base 9.
-1062
Convert 203103 (base 4) to base 7.
6405
Convert -294 (base 12) to base 14.
-208
What is -2528 (base 12) in base 4?
-1001300
Convert 1535 (base 7) to base 4.
21212
Convert 101111100011 (base 2) to base 14.
1175
What is 3213 (base 6) in base 11?
603
Convert 161 (base 16) to base 2.
101100001
Convert -30221 (base 5) to base 16.
-790
Convert -121002 (base 3) to base 2.
-110110010
Convert -14423 (base 5) to base 9.
-1625
Convert 276 (base 15) to base 16.
231
What is -45a1 (base 11) in base 14?
-22b6
Convert 8dd (base 14) to base 3.
2102022
What is 13231 (base 5) in base 13?
640
-20252 (base 6) to base 5
-41241
What is 10021 (base 9) in base 12?
3984
Convert 94a0 (base 13) to base 9.
31205
What is 2560 (base 9) in base 13?
b46
What is -7063 (base 9) in base 5?
-131120
Convert 1225 (base 6) to base 16.
131
11397 (base 10) to base 12
6719
-4624 (base 7) to base 14
-884
Convert -236 (base 13) to base 6.
-1435
-563 (base 16) to base 9
-1802
Convert 16228 (base 9) to base 14.
40a7
Convert -702a (base 12) to base 6.
-132054
-12103 (base 6) to base 14
-903
Convert 11210 (base 5) to base 13.
49c
188 (base 9) to base 7
320
Convert -41530 (base 6) to base 7.
-22215
Convert -5731 (base 10) to base 2.
-1011001100011
What is 202124 (base 5) in base 8?
14613
What is 24564 (base 8) in base 16?
2974
121220011 (base 3) to base 15
39b1
What is a8 (base 13) in base 14?
9c
What is -35732 (base 9) in base 12?
-11a18
1f7 (base 16) to base 8
767
What is -212001 (base 5) in base 10?
-7126
Convert 11211200 (base 3) to base 6.
24200
What is -11001 (base 2) in base 16?
-19
Convert 391 (base 12) to base 14.
2a9
What is -1101111101010 (base 2) in base 8?
-15752
-55333 (base 6) to base 14
-2b33
What is 10b4 (base 12) in base 9?
2501
-5396 (base 13) to base 9
-16835
Convert -110011111 (base 2) to base 6.
-1531
What is -16297 (base 10) in base 9?
-24317
What is -21281 (base 11) in base 2?
-111100011100000
What is 230023 (base 7) in base 13?
15781
-4413 (base 6) to base 12
-709
What is 111101111 (base 2) in base 11?
410
Convert -2135 (base 6) to base 2.
-111101011
Convert -2102 (base 7) to base 15.
-342
-3196 (base 10) to base 8
-6174
What is 8c4 (base 14) in base 3?
2101110
What is -176742 (base 8) in base 5?
-4034434
Convert -111101210 (base 3) to base 13.
-45a5
What is -11010100001001 (base 2) in base 8?
-32411
Convert 1466 (base 7) to base 15.
292
Convert 4272 (base 12) to base 11.
5524
Convert 3222 (base 5) to base 11.
368
Convert 22222 (base 3) to base 12.
182
Convert -31032 (base 4) to base 16.
-34e
Convert 2c71 (base 13) to base 14.
2534
Convert -eb2 (base 15) to base 11.
-2546
-1b6 (base 12) to base 13
-189
Convert -13233 (base 5) to base 13.
-642
-3940 (base 12) to base 4
-1212000
21744 (base 9) to base 16
387a
-3360 (base 7) to base 12
-856
What is -694 (base 13) in base 16?
-46f
1825 (base 16) to base 12
36b1
20b (base 16) to base 4
20023
What is -12141 (base 5) in base 6?
-4133
What is -222211000 (base 3) in base 6?
-230300
Convert -3116 (base 9) to base 10.
-2283
What is 1780 (base 12) in base 13?
139b
Convert -58 (base 12) to base 4.
-1010
What is 1102